ase 13) to base 9.
-112
-14341 (base 7) to base 6
-30141
-22294 (base 10) to base 14
-81a6
-1131 (base 8) to base 5
-4401
-1011011010 (base 2) to base 5
-10410
What is 1e6 (base 15) in base 14?
237
What is 10100001101100 (base 2) in base 12?
5ba4
Convert 225 (base 12) to base 11.
269
-1b3b (base 14) to base 12
-2a49
3410414 (base 5) to base 12
2a951
What is 1d51 (base 14) in base 4?
1103303
-e709 (base 16) to base 14
-177a9
424 (base 15) to base 6
4154
-10112210 (base 3) to base 7
-10353
-3017 (base 9) to base 14
-b35
1040 (base 6) to base 10
240
57 (base 16) to base 4
1113
Convert -1f5f (base 16) to base 7.
-32262
Convert -12395 (base 14) to base 12.
-219a7
Convert 4040 (base 5) to base 4.
20020
What is 11214 (base 5) in base 15?
38e
1111010101110 (base 2) to base 10
7854
What is 4023140 (base 5) in base 13?
23292
-353355 (base 7) to base 9
-106263
What is 511 (base 13) in base 14?
455
-2907 (base 16) to base 9
-15360
What is -5254 (base 8) in base 11?
-2064
Convert -101101011 (base 2) to base 11.
-300
Convert -331202 (base 5) to base 13.
-5280
56333 (base 7) to base 6
145522
Convert 6b6 (base 12) to base 16.
3ea
36099 (base 11) to base 5
3131032
What is -22001011 (base 3) in base 13?
-2890
25114 (base 6) to base 8
7206
138 (base 10) to base 8
212
What is 18e (base 15) in base 9?
438
1122 (base 12) to base 8
3552
Convert 3010331 (base 4) to base 6.
134205
What is -444d (base 15) in base 10?
-14473
Convert -2505 (base 6) to base 3.
-211212
122333 (base 6) to base 5
322204
Convert e21a (base 15) to base 2.
1011101001101101
Convert -42640 (base 9) to base 8.
-67100
What is 18b49 (base 12) in base 6?
435333
Convert -21600 (base 8) to base 12.
-5314
-628 (base 13) to base 15
-49d
What is -130 (base 9) in base 13?
-84
What is -237 (base 10) in base 9?
-283
What is 5666 (base 12) in base 15?
2c8c
1001021 (base 5) to base 9
23552
Convert 3449 (base 13) to base 16.
1ca0
10c (base 16) to base 14
152
Convert 1b60b (base 12) to base 8.
117253
What is -16803 (base 9) in base 6?
-125350
What is 133144 (base 6) in base 5?
344001
10011100100 (base 2) to base 11
a39
What is 217 (base 14) in base 13?
25a
What is a3 (base 11) in base 15?
78
What is -324122 (base 6) in base 14?
-9aca
-1222221 (base 3) to base 12
-a14
What is -1332022 (base 4) in base 13?
-38a1
-530 (base 14) to base 11
-84a
-5415 (base 8) to base 9
-3783
What is -3e3 (base 16) in base 6?
-4335
What is d1d (base 16) in base 10?
3357
What is -4380 (base 9) in base 2?
-110010011111
Convert b37d (base 16) to base 3.
2100000211
What is 23115 (base 6) in base 3?
11111202
Convert 140 (base 12) to base 6.
520
Convert -1004 (base 6) to base 7.
-433
Convert -2886 (base 15) to base 12.
-5030
100131 (base 4) to base 7
3033
Convert 53888 (base 10) to base 4.
31022000
What is -4882 (base 12) in base 3?
-102012022
1129 (base 10) to base 6
5121
Convert 1211000222 (base 3) to base 11.
24948
Convert 2417 (base 15) to base 10.
7672
What is -5206 (base 13) in base 7?
-45013
c495 (base 13) to base 7
142122
What is -2002021212 (base 3) in base 11?
-28916
Convert -128 (base 12) to base 9.
-215
What is 1610 (base 13) in base 10?
3224
4120 (base 6) to base 14
492
1100001101010 (base 2) to base 16
186a
Convert 4006 (base 7) to base 3.
1220001
Convert -48 (base 11) to base 12.
-44
16317 (base 9) to base 8
25672
1d14 (base 16) to base 2
1110100010100
What is 121151 (base 6) in base 13?
4b04
What is 407 (base 8) in base 6?
1115
-16606 (base 7) to base 10
-4759
What is 11100010011 (base 2) in base 11?
13a7
What is -200 (base 8) in base 11?
-107
What is 53022 (base 6) in base 4?
1233212
Convert -144513 (base 7) to base 8.
-66606
Convert 4b54 (base 14) to base 5.
410311
What is -1131010 (base 4) in base 14?
-2256
Convert 396 (base 12) to base 8.
1042
Convert -18cd (base 15) to base 14.
-1d56
What is -56 (base 9) in base 13?
-3c
-1ab6 (base 16) to base 15
-205d
-23076 (base 12) to base 2
-1011011010011010
What is -3a2 (base 11) in base 14?
-25d
Convert 1301433 (base 5) to base 10.
25243
7939 (base 12) to base 6
142113
What is 77 (base 14) in base 13?
81
-4057 (base 9) to base 4
-232120
What is 100001001000 (base 2) in base 11?
1658
What is -2232320 (base 4) in base 15?
-34b2
What is 1034 (base 8) in base 13?
327
Convert 2121121 (base 3) to base 2.
11101110010
What is -1000 (base 6) in base 16?
-d8
300622 (base 7) to base 5
3110411
-1161 (base 7) to base 8
-663
-111110000101101 (base 2) to base 16
-7c2d
What is 4342 (base 5) in base 15?
29c
1159 (base 10) to base 6
5211
Convert 222012000 (base 3) to base 14.
6d57
-405 (base 9) to base 5
-2304
-28b (base 13) to base 15
-203
-7bc (base 15) to base 13
-a4a
Convert 10255 (base 7) to base 2.
100111101011
What is -535054 (base 7) in base 11?
-63959
1344 (base 11) to base 3
2101112
Convert 404541 (base 6) to base 11.
22199
What is -a (base 16) in base 9?
-11
Convert 1421412 (base 5) to base 12.
15173
Convert 1102111 (base 3) to base 16.
40f
What is -2010110221 (base 3) in base 11?
-29533
-1ec (base 16) to base 14
-272
Convert -80 (base 11) to base 12.
-74
-100000101100 (base 2) to base 6
-13404
What is -11231020 (base 4) in base 8?
-55510
-454 (base 13) to base 16
-2e9
Convert 76a (base 12) to base 14.
57c
-2d3 (base 14) to base 8
-1101
Convert 6304 (base 13) to base 10.
13693
Convert 498 (base 10) to base 4.
13302
-171a (base 11) to base 4
-202113
What is -8620 (base 11) in base 12?
-6718
What is -131a (base 14) in base 15?
-edb
-9844 (base 14) to base 12
-13298
522243 (base 6) to base 16
a413
Convert 100011111 (base 2) to base 16.
11f
What is -5a77 (base 12) in base 4?
-2132323
Convert 15329 (base 11) to base 4.
11102322
Convert -3131 (base 5) to base 10.
-416
-368 (base 9) to base 7
-614
Convert -31301 (base 6) to base 7.
-15166
What is -164 (base 16) in base 5?
-2411
What is 330232 (base 4) in base 3?
12022221
13671 (base 9) to base 15
2b4d
Convert 525 (base 6) to base 12.
145
What is 300201 (base 4) in base 5?
44410
-35050 (base 8) to base 2
-11101000101000
Convert -44403 (base 5) to base 7.
-12022
What is 331114 (base 5) in base 9?
16576
What is -32111 (base 4) in base 14?
-497
What is -2212 (base 6) in base 2?
-1000000000
869 (base 13) to base 15
65e
104 (base 9) to base 11
78
Convert 8923 (base 10) to base 9.
13214
What is 2240 (base 10) in base 3?
10001222
Convert 551 (base 11) to base 5.
10121
What is 348 (base 14) in base 7?
1621
What is -7115 (base 9) in base 3?
-21010112
What is -166 (base 9) in base 10?
-141
-323112 (base 4) to base 6
-25330
What is 17b7 (base 14) in base 15?
1402
What is 140 (base 15) in base 11?
23a
-1841 (base 11) to base 13
-10b4
Convert 328 (base 16) to base 15.
38d
Convert -2a1 (base 15) to base 5.
-4401
Convert 5889 (base 11) to base 7.
31336
What is -1424122 (base 6) in base 2?
-10011110101110010
What is 2452 (base 15) in base 6?
55435
What is -460 (base 8) in base 16?
-130
-e4d9 (base 15) to base 2
-1011110011100010
What is 110322 (base 4) in base 15?
5e3
What is -12300 (base 5) in base 13?
-581
What is -12132200 (base 4) in base 3?
-1100101112
What is -220211200 (base 3) in base 12?
-a590
-194 (base 11) to base 10
-224
153053 (base 6) to base 2
11101001011001
What is 3531 (base 8) in base 4?
131121
121111 (base 3) to base 13
283
-34b1 (base 16) to base 9
-20447
What is -473 (base 8) in base 9?
-380
Convert -2130 (base 10) to base 7.
-6132
Convert -1040 (base 7) to base 13.
-227
18bd (base 15) to base 9
7307
2c2b (base 13) to base 15
1da9
What is 32 (base 16) in base 4?
302
Convert 220222 (base 4) to base 3.
10120101
Convert 1347 (base 9) to base 14.
527
1101011000111 (base 2) to base 16
1ac7
Convert -1113 (base 6) to base 7.
-522
What is 1690 (base 10) in base 15?
77a
-11304 (base 6) to base 5
-22444
1518 (base 16) to base 7
21513
1010212022 (base 3) to base 9
33768
What is -65 (base 8) in base 14?
-3b
43232 (base 6) to base 5
142144
-141222 (base 5) to base 15
-1ac7
What is 12989 (base 10) in base 12?
7625
-28782 (base 9) to base 7
-111062
What is -1181 (base 15) in base 3?
-12002211
Convert 10011011100100 (base 2) to base 12.
5918
Convert 101000111100 (base 2) to base 12.
1624
4990 (base 11) to base 9
8835
What is -8b (base 16) in base 11?
-117
-8055 (base 15) to base 13
-c431
31222 (base 4) to base 9
1171
-2002220 (base 3) to base 4
-120